{"id":288,"date":"2025-12-16T13:07:08","date_gmt":"2025-12-16T12:07:08","guid":{"rendered":"https:\/\/hernancalderon.web.hosting-01.inacap.cl\/?page_id=288"},"modified":"2025-12-16T15:20:39","modified_gmt":"2025-12-16T14:20:39","slug":"sobre-mi","status":"publish","type":"page","link":"https:\/\/hernancalderon.web.hosting-01.inacap.cl\/index.php\/sobre-mi\/","title":{"rendered":"Sobre mi"},"content":{"rendered":"\t\t<div data-elementor-type=\"wp-page\" data-elementor-id=\"288\" class=\"elementor elementor-288\" data-elementor-post-type=\"page\">\n\t\t\t\t<div class=\"elementor-element elementor-element-82c4600 e-flex e-con-boxed e-con e-parent\" data-id=\"82c4600\" data-element_type=\"container\" data-settings=\"{&quot;background_background&quot;:&quot;classic&quot;}\">\n\t\t\t\t\t<div class=\"e-con-inner\">\n\t\t\t\t<div class=\"elementor-element elementor-element-e5d724c elementor-widget elementor-widget-heading\" data-id=\"e5d724c\" data-element_type=\"widget\" data-widget_type=\"heading.default\">\n\t\t\t\t\t<h2 class=\"elementor-heading-title elementor-size-default\">Sobre mi<\/h2>\t\t\t\t<\/div>\n\t\t\t\t<div class=\"elementor-element elementor-element-13615df elementor-widget elementor-widget-text-editor\" data-id=\"13615df\" data-element_type=\"widget\" data-widget_type=\"text-editor.default\">\n\t\t\t\t\t\t\t\t\t<p>Soy estudiante de Dise\u00f1o Digital y Web, actualmente cursando mi primer a\u00f1o, finalizando el segundo semestre. Me interesa el dise\u00f1o como una herramienta para comunicar ideas de forma visual, clara y funcional.<\/p><p>Eleg\u00ed esta carrera porque me apasiona potenciar mi creatividad y transformarla en soluciones digitales, combinando est\u00e9tica y usabilidad. Durante mi formaci\u00f3n he trabajado en proyectos enfocados en dise\u00f1o web, composici\u00f3n visual, jerarqu\u00eda de informaci\u00f3n y experiencia de usuario, utilizando distintas herramientas digitales.<\/p><p>Me considero una persona creativa, responsable y en constante aprendizaje, con inter\u00e9s en seguir perfeccionando mis habilidades y adquirir experiencia profesional en el \u00e1rea del dise\u00f1o y desarrollo web<\/p>\t\t\t\t\t\t\t\t<\/div>\n\t\t\t\t\t<\/div>\n\t\t\t\t<\/div>\n\t\t<div class=\"elementor-element elementor-element-67bf0a5 e-flex e-con-boxed e-con e-parent\" data-id=\"67bf0a5\" data-element_type=\"container\">\n\t\t\t\t\t<div class=\"e-con-inner\">\n\t\t\t\t<div class=\"elementor-element elementor-element-ee64dcc elementor-widget elementor-widget-spacer\" data-id=\"ee64dcc\" data-element_type=\"widget\" data-widget_type=\"spacer.default\">\n\t\t\t\t\t\t\t<div class=\"elementor-spacer\">\n\t\t\t<div class=\"elementor-spacer-inner\"><\/div>\n\t\t<\/div>\n\t\t\t\t\t\t<\/div>\n\t\t\t\t\t<\/div>\n\t\t\t\t<\/div>\n\t\t<div class=\"elementor-element elementor-element-5da5296 e-flex e-con-boxed e-con e-parent\" data-id=\"5da5296\" data-element_type=\"container\">\n\t\t\t\t\t<div class=\"e-con-inner\">\n\t\t\t\t<div class=\"elementor-element elementor-element-9dcc8bd elementor-widget elementor-widget-heading\" data-id=\"9dcc8bd\" data-element_type=\"widget\" data-widget_type=\"heading.default\">\n\t\t\t\t\t<h2 class=\"elementor-heading-title elementor-size-default\">Que es lo que aprend\u00ed en este a\u00f1o<\/h2>\t\t\t\t<\/div>\n\t\t\t\t\t<\/div>\n\t\t\t\t<\/div>\n\t\t<div class=\"elementor-element elementor-element-8acbdda e-flex e-con-boxed e-con e-parent\" data-id=\"8acbdda\" data-element_type=\"container\">\n\t\t\t\t\t<div class=\"e-con-inner\">\n\t\t\t\t<div class=\"elementor-element elementor-element-55b1a4a elementor-widget elementor-widget-text-editor\" data-id=\"55b1a4a\" data-element_type=\"widget\" data-widget_type=\"text-editor.default\">\n\t\t\t\t\t\t\t\t\t<p>Durante este a\u00f1o acad\u00e9mico adquir\u00ed conocimientos fundamentales en dise\u00f1o digital y dise\u00f1o web, fortaleciendo tanto mis habilidades t\u00e9cnicas como creativas.<\/p><p>Aprend\u00ed a trabajar la jerarqu\u00eda visual, el uso correcto de tipograf\u00edas, paletas de color y composici\u00f3n, entendiendo la importancia de comunicar de forma clara y atractiva. Adem\u00e1s, desarroll\u00e9 nociones de dise\u00f1o centrado en el usuario, enfoc\u00e1ndome en la usabilidad y la experiencia de navegaci\u00f3n.<\/p><p>Tambi\u00e9n incorpor\u00e9 el uso de herramientas digitales para el desarrollo de proyectos web, como WordPress y Elementor, creando estructuras b\u00e1sicas de sitios, secciones informativas y portafolios. A trav\u00e9s de distintos trabajos pr\u00e1cticos aprend\u00ed a planificar, dise\u00f1ar y presentar proyectos, aplicando criterios de dise\u00f1o y coherencia visual.<\/p><p>Este a\u00f1o me permiti\u00f3 descubrir mi inter\u00e9s por el dise\u00f1o web y sentar las bases para seguir perfeccionando mis conocimientos en los pr\u00f3ximos niveles de la carrera.<\/p>\t\t\t\t\t\t\t\t<\/div>\n\t\t\t\t\t<\/div>\n\t\t\t\t<\/div>\n\t\t<div class=\"elementor-element elementor-element-37619a0 e-flex e-con-boxed e-con e-parent\" data-id=\"37619a0\" data-element_type=\"container\">\n\t\t\t\t\t<div class=\"e-con-inner\">\n\t\t\t\t<div class=\"elementor-element elementor-element-9acc4de elementor-arrows-position-inside elementor-pagination-position-outside elementor-widget elementor-widget-image-carousel\" data-id=\"9acc4de\" data-element_type=\"widget\" data-settings=\"{&quot;navigation&quot;:&quot;both&quot;,&quot;autoplay&quot;:&quot;yes&quot;,&quot;pause_on_hover&quot;:&quot;yes&quot;,&quot;pause_on_interaction&quot;:&quot;yes&quot;,&quot;autoplay_speed&quot;:5000,&quot;infinite&quot;:&quot;yes&quot;,&quot;speed&quot;:500}\" data-widget_type=\"image-carousel.default\">\n\t\t\t\t\t\t\t<div class=\"elementor-image-carousel-wrapper swiper\" role=\"region\" aria-roledescription=\"carousel\" aria-label=\"Carrusel de im\u00e1genes\" dir=\"ltr\">\n\t\t\t<div class=\"elementor-image-carousel swiper-wrapper\" aria-live=\"off\">\n\t\t\t\t\t\t\t\t<div class=\"swiper-slide\" role=\"group\" aria-roledescription=\"slide\" aria-label=\"1 de 3\"><figure class=\"swiper-slide-inner\"><img decoding=\"async\" class=\"swiper-slide-image\" src=\"https:\/\/hernancalderon.web.hosting-01.inacap.cl\/wp-content\/uploads\/2025\/12\/Mesa-de-trabajo-1-300x300.png\" alt=\"Mesa de trabajo 1\" \/><\/figure><\/div><div class=\"swiper-slide\" role=\"group\" aria-roledescription=\"slide\" aria-label=\"2 de 3\"><figure class=\"swiper-slide-inner\"><img decoding=\"async\" class=\"swiper-slide-image\" src=\"https:\/\/hernancalderon.web.hosting-01.inacap.cl\/wp-content\/uploads\/2025\/12\/2EB510CF-58C7-492A-99D0-BD2CEEA2620C_L0_001-16_10_2025-10_33_46-a.m-300x169.jpg\" alt=\"2EB510CF-58C7-492A-99D0-BD2CEEA2620C_L0_001-16_10_2025, 10_33_46 a.m.\" \/><\/figure><\/div><div class=\"swiper-slide\" role=\"group\" aria-roledescription=\"slide\" aria-label=\"3 de 3\"><figure class=\"swiper-slide-inner\"><img decoding=\"async\" class=\"swiper-slide-image\" src=\"https:\/\/hernancalderon.web.hosting-01.inacap.cl\/wp-content\/uploads\/2025\/12\/Image-11-nov-2025-02_50_54-p.m-300x300.png\" alt=\"Image 11 nov 2025, 02_50_54 p.m.\" \/><\/figure><\/div>\t\t\t<\/div>\n\t\t\t\t\t\t\t\t\t\t\t\t<div class=\"elementor-swiper-button elementor-swiper-button-prev\" role=\"button\" tabindex=\"0\">\n\t\t\t\t\t\t<svg aria-hidden=\"true\" class=\"e-font-icon-svg e-eicon-chevron-left\" viewBox=\"0 0 1000 1000\" xmlns=\"http:\/\/www.w3.org\/2000\/svg\"><path d=\"M646 125C629 125 613 133 604 142L308 442C296 454 292 471 292 487 292 504 296 521 308 533L604 854C617 867 629 875 646 875 663 875 679 871 692 858 704 846 713 829 713 812 713 796 708 779 692 767L438 487 692 225C700 217 708 204 708 187 708 171 704 154 692 142 675 129 663 125 646 125Z\"><\/path><\/svg>\t\t\t\t\t<\/div>\n\t\t\t\t\t<div class=\"elementor-swiper-button elementor-swiper-button-next\" role=\"button\" tabindex=\"0\">\n\t\t\t\t\t\t<svg aria-hidden=\"true\" class=\"e-font-icon-svg e-eicon-chevron-right\" viewBox=\"0 0 1000 1000\" xmlns=\"http:\/\/www.w3.org\/2000\/svg\"><path d=\"M696 533C708 521 713 504 713 487 713 471 708 454 696 446L400 146C388 133 375 125 354 125 338 125 325 129 313 142 300 154 292 171 292 187 292 204 296 221 308 233L563 492 304 771C292 783 288 800 288 817 288 833 296 850 308 863 321 871 338 875 354 875 371 875 388 867 400 854L696 533Z\"><\/path><\/svg>\t\t\t\t\t<\/div>\n\t\t\t\t\n\t\t\t\t\t\t\t\t\t<div class=\"swiper-pagination\"><\/div>\n\t\t\t\t\t\t\t\t\t<\/div>\n\t\t\t\t\t\t<\/div>\n\t\t\t\t\t<\/div>\n\t\t\t\t<\/div>\n\t\t<div class=\"elementor-element elementor-element-a54f8d7 e-flex e-con-boxed e-con e-parent\" data-id=\"a54f8d7\" data-element_type=\"container\">\n\t\t\t\t\t<div class=\"e-con-inner\">\n\t\t\t\t\t<\/div>\n\t\t\t\t<\/div>\n\t\t\t\t<\/div>\n\t\t","protected":false},"excerpt":{"rendered":"<p>Sobre mi Soy estudiante de Dise\u00f1o Digital y Web, actualmente cursando mi primer a\u00f1o, finalizando el segundo semestre. Me interesa el dise\u00f1o como una herramienta para comunicar ideas de forma visual, clara y funcional. Eleg\u00ed esta carrera porque me apasiona potenciar mi creatividad y transformarla en soluciones digitales, combinando est\u00e9tica y usabilidad. Durante mi formaci\u00f3n [&hellip;]<\/p>\n","protected":false},"author":1,"featured_media":0,"parent":0,"menu_order":0,"comment_status":"closed","ping_status":"closed","template":"","meta":{"footnotes":""},"class_list":["post-288","page","type-page","status-publish","hentry"],"_links":{"self":[{"href":"https:\/\/hernancalderon.web.hosting-01.inacap.cl\/index.php\/wp-json\/wp\/v2\/pages\/288","targetHints":{"allow":["GET"]}}],"collection":[{"href":"https:\/\/hernancalderon.web.hosting-01.inacap.cl\/index.php\/wp-json\/wp\/v2\/pages"}],"about":[{"href":"https:\/\/hernancalderon.web.hosting-01.inacap.cl\/index.php\/wp-json\/wp\/v2\/types\/page"}],"author":[{"embeddable":true,"href":"https:\/\/hernancalderon.web.hosting-01.inacap.cl\/index.php\/wp-json\/wp\/v2\/users\/1"}],"replies":[{"embeddable":true,"href":"https:\/\/hernancalderon.web.hosting-01.inacap.cl\/index.php\/wp-json\/wp\/v2\/comments?post=288"}],"version-history":[{"count":22,"href":"https:\/\/hernancalderon.web.hosting-01.inacap.cl\/index.php\/wp-json\/wp\/v2\/pages\/288\/revisions"}],"predecessor-version":[{"id":348,"href":"https:\/\/hernancalderon.web.hosting-01.inacap.cl\/index.php\/wp-json\/wp\/v2\/pages\/288\/revisions\/348"}],"wp:attachment":[{"href":"https:\/\/hernancalderon.web.hosting-01.inacap.cl\/index.php\/wp-json\/wp\/v2\/media?parent=288"}],"curies":[{"name":"wp","href":"https:\/\/api.w.org\/{rel}","templated":true}]}}

<div data-elementor-type="wp-page" data-elementor-id="288" class="elementor elementor-288" data-elementor-post-type="page">
				<div class="elementor-element elementor-element-82c4600 e-flex e-con-boxed e-con e-parent" data-id="82c4600" data-element_type="container" data-settings="{&quot;background_background&quot;:&quot;classic&quot;}">
					<div class="e-con-inner">
				<div class="elementor-element elementor-element-e5d724c elementor-widget elementor-widget-heading" data-id="e5d724c" data-element_type="widget" data-widget_type="heading.default">
					<h2 class="elementor-heading-title elementor-size-default">Sobre mi</h2>				</div>
				<div class="elementor-element elementor-element-13615df elementor-widget elementor-widget-text-editor" data-id="13615df" data-element_type="widget" data-widget_type="text-editor.default">
									<p>Soy estudiante de Diseño Digital y Web, actualmente cursando mi primer año, finalizando el segundo semestre. Me interesa el diseño como una herramienta para comunicar ideas de forma visual, clara y funcional.</p><p>Elegí esta carrera porque me apasiona potenciar mi creatividad y transformarla en soluciones digitales, combinando estética y usabilidad. Durante mi formación he trabajado en proyectos enfocados en diseño web, composición visual, jerarquía de información y experiencia de usuario, utilizando distintas herramientas digitales.</p><p>Me considero una persona creativa, responsable y en constante aprendizaje, con interés en seguir perfeccionando mis habilidades y adquirir experiencia profesional en el área del diseño y desarrollo web</p>								</div>
					</div>
				</div>
		<div class="elementor-element elementor-element-67bf0a5 e-flex e-con-boxed e-con e-parent" data-id="67bf0a5" data-element_type="container">
					<div class="e-con-inner">
				<div class="elementor-element elementor-element-ee64dcc elementor-widget elementor-widget-spacer" data-id="ee64dcc" data-element_type="widget" data-widget_type="spacer.default">
							<div class="elementor-spacer">
			<div class="elementor-spacer-inner"></div>
		</div>
						</div>
					</div>
				</div>
		<div class="elementor-element elementor-element-5da5296 e-flex e-con-boxed e-con e-parent" data-id="5da5296" data-element_type="container">
					<div class="e-con-inner">
				<div class="elementor-element elementor-element-9dcc8bd elementor-widget elementor-widget-heading" data-id="9dcc8bd" data-element_type="widget" data-widget_type="heading.default">
					<h2 class="elementor-heading-title elementor-size-default">Que es lo que aprendí en este año</h2>				</div>
					</div>
				</div>
		<div class="elementor-element elementor-element-8acbdda e-flex e-con-boxed e-con e-parent" data-id="8acbdda" data-element_type="container">
					<div class="e-con-inner">
				<div class="elementor-element elementor-element-55b1a4a elementor-widget elementor-widget-text-editor" data-id="55b1a4a" data-element_type="widget" data-widget_type="text-editor.default">
									<p>Durante este año académico adquirí conocimientos fundamentales en diseño digital y diseño web, fortaleciendo tanto mis habilidades técnicas como creativas.</p><p>Aprendí a trabajar la jerarquía visual, el uso correcto de tipografías, paletas de color y composición, entendiendo la importancia de comunicar de forma clara y atractiva. Además, desarrollé nociones de diseño centrado en el usuario, enfocándome en la usabilidad y la experiencia de navegación.</p><p>También incorporé el uso de herramientas digitales para el desarrollo de proyectos web, como WordPress y Elementor, creando estructuras básicas de sitios, secciones informativas y portafolios. A través de distintos trabajos prácticos aprendí a planificar, diseñar y presentar proyectos, aplicando criterios de diseño y coherencia visual.</p><p>Este año me permitió descubrir mi interés por el diseño web y sentar las bases para seguir perfeccionando mis conocimientos en los próximos niveles de la carrera.</p>								</div>
					</div>
				</div>
		<div class="elementor-element elementor-element-37619a0 e-flex e-con-boxed e-con e-parent" data-id="37619a0" data-element_type="container">
					<div class="e-con-inner">
				<div class="elementor-element elementor-element-9acc4de elementor-arrows-position-inside elementor-pagination-position-outside elementor-widget elementor-widget-image-carousel" data-id="9acc4de" data-element_type="widget" data-settings="{&quot;navigation&quot;:&quot;both&quot;,&quot;autoplay&quot;:&quot;yes&quot;,&quot;pause_on_hover&quot;:&quot;yes&quot;,&quot;pause_on_interaction&quot;:&quot;yes&quot;,&quot;autoplay_speed&quot;:5000,&quot;infinite&quot;:&quot;yes&quot;,&quot;speed&quot;:500}" data-widget_type="image-carousel.default">
							<div class="elementor-image-carousel-wrapper swiper" role="region" aria-roledescription="carousel" aria-label="Carrusel de imágenes" dir="ltr">
			<div class="elementor-image-carousel swiper-wrapper" aria-live="off">
								<div class="swiper-slide" role="group" aria-roledescription="slide" aria-label="1 de 3"><figure class="swiper-slide-inner"><img decoding="async" class="swiper-slide-image" src="https://hernancalderon.web.hosting-01.inacap.cl/wp-content/uploads/2025/12/Mesa-de-trabajo-1-300x300.png" alt="Mesa de trabajo 1" /></figure></div><div class="swiper-slide" role="group" aria-roledescription="slide" aria-label="2 de 3"><figure class="swiper-slide-inner"><img decoding="async" class="swiper-slide-image" src="https://hernancalderon.web.hosting-01.inacap.cl/wp-content/uploads/2025/12/2EB510CF-58C7-492A-99D0-BD2CEEA2620C_L0_001-16_10_2025-10_33_46-a.m-300x169.jpg" alt="2EB510CF-58C7-492A-99D0-BD2CEEA2620C_L0_001-16_10_2025, 10_33_46 a.m." /></figure></div><div class="swiper-slide" role="group" aria-roledescription="slide" aria-label="3 de 3"><figure class="swiper-slide-inner"><img decoding="async" class="swiper-slide-image" src="https://hernancalderon.web.hosting-01.inacap.cl/wp-content/uploads/2025/12/Image-11-nov-2025-02_50_54-p.m-300x300.png" alt="Image 11 nov 2025, 02_50_54 p.m." /></figure></div>			</div>
												<div class="elementor-swiper-button elementor-swiper-button-prev" role="button" tabindex="0">
						<svg aria-hidden="true" class="e-font-icon-svg e-eicon-chevron-left" viewBox="0 0 1000 1000" xmlns="http://www.w3.org/2000/svg"><path d="M646 125C629 125 613 133 604 142L308 442C296 454 292 471 292 487 292 504 296 521 308 533L604 854C617 867 629 875 646 875 663 875 679 871 692 858 704 846 713 829 713 812 713 796 708 779 692 767L438 487 692 225C700 217 708 204 708 187 708 171 704 154 692 142 675 129 663 125 646 125Z"></path></svg>					</div>
					<div class="elementor-swiper-button elementor-swiper-button-next" role="button" tabindex="0">
						<svg aria-hidden="true" class="e-font-icon-svg e-eicon-chevron-right" viewBox="0 0 1000 1000" xmlns="http://www.w3.org/2000/svg"><path d="M696 533C708 521 713 504 713 487 713 471 708 454 696 446L400 146C388 133 375 125 354 125 338 125 325 129 313 142 300 154 292 171 292 187 292 204 296 221 308 233L563 492 304 771C292 783 288 800 288 817 288 833 296 850 308 863 321 871 338 875 354 875 371 875 388 867 400 854L696 533Z"></path></svg>					</div>
				
									<div class="swiper-pagination"></div>
									</div>
						</div>
					</div>
				</div>
		<div class="elementor-element elementor-element-a54f8d7 e-flex e-con-boxed e-con e-parent" data-id="a54f8d7" data-element_type="container">
					<div class="e-con-inner">
					</div>
				</div>
				</div>

<p>Sobre mi Soy estudiante de Diseño Digital y Web, actualmente cursando mi primer año, finalizando el segundo semestre. Me interesa el diseño como una herramienta para comunicar ideas de forma visual, clara y funcional. Elegí esta carrera porque me apasiona potenciar mi creatividad y transformarla en soluciones digitales, combinando estética y usabilidad. Durante mi formación [&hellip;]</p>
